60. Calculate the remainder when j is divided by u.
14
Let x be -7 - -9 - 4/2. Let s = 4 + x. Suppose -2*b + 24 = y, 2*b - 2*y = 27 - 9. Calculate the remainder when b is divided by s.
3
Let q(z) = 16*z**2 - z. Calculate the remainder when 29 is divided by q(1).
14
Calculate the remainder when 34 is divided by (-2)/(-1) + 4 + 4/2.
2
Let v be (-5 + 0)*(-1)/1. Suppose -v*t - 10 = 2*f - 5, 5*f - 65 = 3*t. Calculate the remainder when 38 is divided by f.
8
Let h(g) be the third derivative of g**5/20 - g**4/6 + g**3/6 - 4*g**2. What is the remainder when 46 is divided by h(3)?
14
Suppose -2*i = 3*i - 250. What is the remainder when i is divided by 17?
16
Let t = 24 + 1. Let h(r) = r**2 - r - 5. What is the remainder when t is divided by h(4)?
4
Suppose -42*i - 490 = -44*i. Calculate the remainder when i is divided by 62.
59
Let x be (-5)/(-10) - 38/4. Let w be (16/3)/((-6)/x). What is the remainder when 2/3 + w/6 is divided by 1?
0
Let t(z) = 0 - 2*z - 1 + 5*z**2 - 2. Calculate the remainder when t(-3) is divided by 25.
23
Suppose 5*r - r + 5*y = 39, -5*y + 15 = 0. Let x = r + 1. What is the remainder when 13 is divided by x?
6
Suppose -z - 12 = -5*z. Let a(b) = -b**2 + 6*b. What is the remainder when a(z) is divided by 3?
0
Suppose -h = 5*u - 449 + 19, -u + 95 = 2*h. What is the remainder when u is divided by 22?
19
Suppose c = -4*x + 18, 5*x + 0*x - c = 27. Let d(s) = -s**2 - 5*s - 4. Let n be d(-5). Calculate the remainder when x is divided by 3*1/(-4)*n.
2
Suppose h + 0*h + 29 = 5*u, -3*h + 4*u = 32. Let k be (3 + -5 - -1)*h. Suppose 0 = -k*s + 28 + 16. What is the remainder when s is divided by 4?
3
Suppose 3*x = -7*x + 190. What is the remainder when 74 is divided by x?
17
Suppose 5 = 5*z - 10. Suppose 0 = -t + 2*t. Suppose t*r - r + 5 = 0. Calculate the remainder when r is divided by z.
2
Let m = -2 + -4. Let n(x) = -9*x + 1. Let v(q) = 6*q**2 + 4*q + 3. Calculate the remainder when n(m) is divided by v(-2).
17
Let v be 1/((-27)/(-15) - 2). Let c(f) = f**3 + 6*f**2 + 4*f - 1. Calculate the remainder when (2 - (0 - -1))*10 is divided by c(v).
2
Let i(g) = g + 9. Let w be i(-7). Let l be (-5 - -1)/w + -2. Let b = 23 + l. What is the remainder when 54 is divided by b?
16
Let n be (-1 - 3 - -1)*2. Let p = n - -9. Let z(d) = d + 3. What is the remainder when 10 is divided by z(p)?
4
Calculate the remainder when 87 is divided by 26 + (5/(-15))/(4/(-12)).
6
Suppose 21*j - 468 = 12*j. Let r(a) = -5*a**2 - 4*a - 3. Let o be r(-2). Let l = o - -33. Calculate the remainder when j is divided by l.
16
Suppose 0 = d - 0*d + 2*u - 88, -4*d + 355 = 5*u. What is the remainder when d is divided by 26?
12
Suppose 0 = n + 4*n + 4*r - 113, -5*n + 2*r = -131. Suppose -c - v + 5 = -5, 0 = -5*c + 5*v + 80. What is the remainder when n is divided by c?
12
Let s = 792 - 561. Suppose -s = -2*j - j. What is the remainder when j is divided by 26?
25
Let u = -54 + 81. Suppose -u + 91 = 4*p. Calculate the remainder when 29 is divided by p.
13
Suppose 0 + 4 = x. Let r be 0/(x + -2) - 2. What is the remainder when 49 is divided by 3/(-6)*68/r?
15
Suppose a - 4*d = -14, 3*a + 23 = 3*d - 19. Let k = a - -24. What is the remainder when 29 is divided by k?
9
Let l be (6 + -5)/(1/7). Let u be 3*((-2)/6 - -1). Suppose -50 = -l*t + u*t. What is the remainder when t is divided by 4?
2
What is the remainder when 100 is divided by ((-117)/(-18))/(1/2*1)?
9
Let c(v) = -v**2 + 16*v + 29. Calculate the remainder when 33 is divided by c(17).
9
Let w = 4 + -2. What is the remainder when w is divided by 1 + 1 + -2 + 1?
0
Suppose -3*k - b + 10 = 0, -k + 5*b + 25 = b. Suppose -111 - 104 = -k*u. Let q = 1 - -14. Calculate the remainder when u is divided by q.
13
What is the remainder when 8/(-28) - (-296)/7 is divided by 15?
12
Let z be (21 - 0)/(5/15). Suppose -z = -4*f + 57. Let j = -15 + f. Calculate the remainder when 57 is divided by j.
12
Let i(c) = 4*c + 42. Let t(u) = u - 3. Calculate the remainder when i(-9) is divided by t(5).
0
Let o = -196 - -339. Calculate the remainder when o is divided by 29.
27
Suppose 5*w - 8*w + 339 = 0. What is the remainder when w is divided by 29?
26
Let i = 33 - 30. What is the remainder when 7 is divided by i?
1
Suppose 0 = d + 2*d - 45. Calculate the remainder when 57 is divided by d.
12
Let s be ((-1)/1)/((-9)/36). Suppose 5*i + s*c = 69, -3*c + 2*c = 4. What is the remainder when i is divided by 10?
7
Suppose -2*t = -4*m + 3*m, m = -4*t - 12. Let u be -2*(5/t)/(-5). What is the remainder when (3/u)/3*-17 is divided by 5?
2
Suppose 3*v - 9 = 3*d + 9, -5*v - 2*d + 16 = 0. Suppose 0 = 2*w - 4*w + v. Calculate the remainder when 19 is divided by 2*(w + 1 + 2).
9
Let y(h) = 2*h - 6. Calculate the remainder when (-8 - -10)/(1/8) is divided by y(6).
4
Suppose -v = -2*v. Let k(p) = 4*p**3 - p - 2*p**3 - p**3 + 18. Calculate the remainder when 34 is divided by k(v).
16
Let f(k) = 7*k - 1. What is the remainder when (6 + -13)*(-35)/5 is divided by f(2)?
10
Let t be 76/(-8) - (-2)/4. Let k = 3 + t. Let x = 8 + k. What is the remainder when x is divided by 1?
0
Let p be (-53)/(-2)*4/(-2). Let q = 169 + p. Suppose -c + q = 3*c. What is the remainder when c is divided by 15?
14
Suppose -5*b = 54 - 254. Calculate the remainder when b is divided by 15.
10
Let b(w) = 2*w - 10. Let z be b(7). Suppose z*h = 8*h - 136. Calculate the remainder when h is divided by 12.
10
Let p(b) = 39*b**2 + 6*b + 6. Calculate the remainder when 116 is divided by p(-1).
38
Let f = -58 + 98. Calculate the remainder when f is divided by 11.
7
Let r(p) be the third derivative of -p**6/120 + p**5/20 + p**4/8 + p**3/3 + 3*p**2. Let t = 9 + -6. Calculate the remainder when 20 is divided by r(t).
9
Suppose 2*a + 3*a + 30 = 0. Let q(f) = -f**2 - 3*f + 2. What is the remainder when q(-3) is divided by 3/(-15) - a/5?
0
Let c(x) = -4*x**3 + x + 1. Let z be c(-1). Let d = 1 + 2. Calculate the remainder when 0 + z - 0/4 is divided by d.
1
Suppose -4*o + 0*q + 8 = 4*q, 3*q - 9 = -4*o. Let z(x) = x + 2. Let r = 28 - 15. Calculate the remainder when r is divided by z(o).
3
Let o(s) = s**3 + s + 1. What is the remainder when o(2) is divided by (-4)/((-8)/6) + 0?
2
Suppose 2*z + 9 = -5. Let k be 1/(-1)*z - 3. Suppose -k*l = 23 - 79. Calculate the remainder when l is divided by 8.
6
Let d be -3 + 13 + 2 - -3. Suppose 3*u = -0*u - d, -5*u = 2*y + 25. Suppose y = -3*p + 49 + 5. What is the remainder when 52 is divided by p?
16
Let u = 7 - 6. Let g(d) = 15*d - 1. Let x be g(u). What is the remainder when 8 is divided by (-2)/4 + x/4?
2
Let f be 5/20 - (-22)/8. Suppose 0 = -2*m + 3*k, f*m - 2*k = 2*k. Suppose 5*t - 15 - 70 = m. Calculate the remainder when 49 is divided by t.
15
Let x(a) = 5*a - 5. Calculate the remainder when 29 is divided by x(4).
14
Suppose -3*s - 2*s = -5*u + 45, -33 = -4*u + 3*s. Suppose 4*x - 2*o = o + 90, -94 = -4*x + 5*o. What is the remainder when x is divided by u?
3
Let r(d) = -d**2 - 10*d - 11. Let c = -2 - 6. What is the remainder when -1 + (45*1)/3 is divided by r(c)?
4
Suppose -3*i + 31 = -4*v, 5*i + 5*v - 3 = 2. Suppose 10*b = -q + 5*b + 23, 4*q - 46 = 3*b. Calculate the remainder when q is divided by i.
3
Let h(m) = 4*m**2 + m. Let w be h(-1). Suppose w*q - 66 - 39 = 0. Calculate the remainder when q is divided by 18.
17
Suppose a - 8 - 27 = -y, -a - 89 = -3*y. Suppose -i - 1 = -2*w - 2, 4*i + w = y. What is the remainder when -1*5*-1*4 is divided by i?
6
Suppose 6*y - 124 = 290. Calculate the remainder when y is divided by 35.
34
Suppose 5*z + 0*v - 3*v + 4 = 0, -5*z + 2*v = 1. Suppose b + 24 - 25 = 0. What is the remainder when z is divided by b?
0
Let p(l) = -l**3 + 3*l**2 + 5*l + 3. Let o be p(5). Let k = 7 - -24. Let g = k + o. Calculate the remainder when 25 is divided by g.
7
Let f be 59/(1 + -2) + 2. Let g = f + 81. Calculate the remainder when 46 is divided by g.
22
Let q = 203 + -543. Calculate the remainder when 0 - (-6)/((-24)/q) is divided by 22.
19
Let n(d) = -d + 13. Let w be n(9). Suppose -33 = -w*m + 7. What is the remainder when (-3)/(-12) + 75/4 is divided by m?
9
Let d(z) be the third derivative of 13*z**4/24 + z**3/6 - z**2. Let t be 2/(-6)*(-12 + 3). What is the remainder when d(t) is divided by 14?
12
Suppose f + 34 = 2*g, 0*g - 56 = -3*g + 4*f. Let